{"id":49,"date":"2023-10-18T10:45:05","date_gmt":"2023-10-18T10:45:05","guid":{"rendered":"https:\/\/doctorat.usm.md\/stiintealenaturii\/?page_id=49"},"modified":"2023-10-26T10:16:43","modified_gmt":"2023-10-26T10:16:43","slug":"acte-normative-institutionale","status":"publish","type":"page","link":"https:\/\/doctorat.usm.md\/stiintealenaturii\/?page_id=49","title":{"rendered":"Acte normative institu\u021bionale"},"content":{"rendered":"<p><strong><a class=\"mtli_attachment mtli_pdf mtli_attachment mtli_pdf\" href=\"https:\/\/doctorat.usm.md\/wp-content\/uploads\/2022\/11\/Metodologia-privind-elaborarea-si-sustinerea-referatelor-stiintifice-in-cadrul-studiilor-de-doctorat.pdf\">Metodologia privind elaborarea \u0219i sus\u021binerea referatelor \u0219tiin\u021bifice \u00een cadrul studiilor de doctorat<\/a><\/strong><\/p>\n<p><a class=\"mtli_attachment mtli_pdf mtli_attachment mtli_pdf mtli_attachment mtli_pdf\" href=\"https:\/\/usm.md\/wp-content\/uploads\/1.-Metodologia-institutionala-de-elaborare-si-repartizare-a-granturilor-doctorale-in-cadrul-scolilor-doctorale-de-la-Universitatea-de-Stat-din-Moldova.pdf\"><strong>Metodologia institu\u021bional\u0103 de elaborare \u0219i repartizare a granturilor doctorale \u00een cadrul \u0219colilor doctorale de la Universitatea de Stat din Moldova<\/strong><\/a><\/p>\n<p><a class=\"mtli_attachment mtli_pdf mtli_attachment mtli_pdf mtli_attachment mtli_pdf\" href=\"https:\/\/usm.md\/wp-content\/uploads\/2.-Metodologia-privind-organizarea-si-desfasurarea-concursului-de-admitere-la-doctorat-2022-2023.pdf\"><strong>Metodologia privind organizarea \u0219i desf\u0103\u0219urare concursului de admitere la studiile superioare de doctorat \u00een cadrul Universit\u0103\u021bii de Stat din Moldova. Anul de studii 2022\/2023<\/strong><\/a><\/p>\n<p><a class=\"mtli_attachment mtli_pdf mtli_attachment mtli_pdf mtli_attachment mtli_pdf\" href=\"https:\/\/usm.md\/wp-content\/uploads\/3.-Strategia-de-dezvoltare-a-studiilor-de-doctorat-pentru-anii-2022-2026.pdf\"><strong>Strategia de dezvoltare a studiilor de doctorat pentru anii 2022-2026<\/strong><\/a><\/p>\n<p><a class=\"mtli_attachment mtli_pdf mtli_attachment mtli_pdf mtli_attachment mtli_pdf\" href=\"https:\/\/usm.md\/wp-content\/uploads\/4.-Program-de-implementare-a-Strategiei-de-dezvoltare-a-studiilor-de-doctorat-pentru-anii-2022-2026.pdf\"><strong>Program de implementare a Strategiei de dezvoltare a studiilor de doctorat pentru anii 2022-2026<\/strong><\/a><\/p>\n<p><a class=\"mtli_attachment mtli_pdf mtli_attachment mtli_pdf mtli_attachment mtli_pdf\" href=\"https:\/\/usm.md\/wp-content\/uploads\/6.-Regulament_Instit_Studii_Doctorat-2022_site.pdf\"><strong>Regulamentul institu\u0163ional privind organizarea studiilor superioare de doctorat, Ciclul III<\/strong><\/a><\/p>\n<p><a class=\"mtli_attachment mtli_pdf mtli_attachment mtli_pdf\" href=\"https:\/\/doctorat.usm.md\/wp-content\/uploads\/2023\/09\/regulamentul_de_sustinere_publica_a_tezei_de_doctorat.pdf\"><strong>Regulamentul institu\u021bional\u00a0<\/strong><strong>privind organizarea\u00a0<\/strong><strong>\u0219i desf\u0103\u0219urarea sus\u021biner<\/strong><strong>ii publice a tezelor de doctorat<\/strong><\/a><\/p>\n<p><a class=\"mtli_attachment mtli_pdf mtli_attachment mtli_pdf mtli_attachment mtli_pdf\" href=\"https:\/\/usm.md\/wp-content\/uploads\/9.-Regulamentul-institutional-privind-recunoasterea-si-echivalarea-actelor-de-studii-obtinute-in-strainatate-si-a-perioadelor-de-studii-efectuate-in-strainatate.pdf\"><strong>Regulamentul institu\u021bional privind recunoa\u0219terea \u0219i echivalarea actelor de studii ob\u021binute \u00een str\u0103in\u0103tate \u0219i a perioadelor de studii efectuate \u00een str\u0103in\u0103tate \u0219i\/sau \u00een alte \u0219coli doctorale din RM (pentru studiile superioare de doctorat, ciclul III)<\/strong><\/a><\/p>\n<p><a class=\"mtli_attachment mtli_pdf mtli_attachment mtli_pdf\" href=\"https:\/\/doctorat.usm.md\/wp-content\/uploads\/2023\/05\/13.-Regulament_restabilire_studii_doctorat.pdf\"><b><span lang=\"RO\">Regulamentul institu\u021bional privind restabilirea la studii superioare de doctorat, ciclul III<\/span><\/b><\/a><\/p>\n<p><a class=\"mtli_attachment mtli_pdf mtli_attachment mtli_pdf\" href=\"https:\/\/doctorat.usm.md\/wp-content\/uploads\/2023\/03\/14_Procedura_restabilire_doctorat_taxa_angajati_USM.pdf\"><b><span lang=\"RO\">Procedura opera\u021bional\u0103\u00a0<\/span><\/b><b><span lang=\"RO\">privind admiterea \u0219i restabilirea contra tax\u0103 la studiile superioare de doctorat a angaja\u021bilor\u00a0<\/span><\/b><b><span lang=\"RO\">Universit\u0103\u021bii de Stat din Moldova<\/span><\/b><\/a><\/p>\n<p><a class=\"mtli_attachment mtli_pdf mtli_attachment mtli_pdf\" href=\"https:\/\/doctorat.usm.md\/wp-content\/uploads\/2023\/03\/Calendar-academic-2022-2023.pdf\"><strong>Calendarul academic 2022\/2023. Ciclul III, studii de doctorat<\/strong><\/a><\/p>\n<p><strong><a class=\"mtli_attachment mtli_pdf mtli_attachment mtli_pdf\" href=\"https:\/\/doctorat.usm.md\/wp-content\/uploads\/2023\/04\/15.-Procedura-operat%CC%A6ionala%CC%86-privind-desfa%CC%86s%CC%A6urarea-s%CC%A6i-evaluarea-practicii-de-cercetare.pdf\">Procedura opera\u021bional\u0103 privind realizarea \u0219i evaluarea practicii de cercetare \u00a0\u00een cadrul programului de studii superioare avansate, ciclul III, doctorat<\/a><\/strong><\/p>\n<p><strong><a class=\"mtli_attachment mtli_pdf mtli_attachment mtli_pdf\" href=\"https:\/\/doctorat.usm.md\/wp-content\/uploads\/2023\/04\/16.-Procedura-operat%CC%A6ionala%CC%86-privind-organizarea-procesului-didactic-sem.-II.pdf\">Procedura opera\u021bional\u0103 privind organizarea activit\u0103\u021bilor de predare-\u00eenv\u0103\u021bare-evaluare \u00een semestrul ii, program de studii superioare avansate, ciclul III, doctorat<\/a><\/strong><\/p>\n<p><a class=\"mtli_attachment mtli_pdf mtli_attachment mtli_pdf\" href=\"https:\/\/doctorat.usm.md\/wp-content\/uploads\/2023\/05\/Procedura_alegere_director_Consiliu_SD.pdf\"><b><span lang=\"RO\">Procedura de alegere a Consiliilor \u0219i a Directorilor \u0218colilor Doctorale<\/span><\/b><\/a><\/p>\n<p><a class=\"mtli_attachment mtli_pdf mtli_attachment mtli_pdf\" href=\"https:\/\/doctorat.usm.md\/wp-content\/uploads\/2023\/07\/17_Metodologie_Admitere_Doctorat_2023.pdf\"><b>Metodologia\u00a0<\/b><b>privind organizarea \u0219i desf\u0103\u0219urarea concursului de\u00a0<\/b><b>admitere la studiile superioare de doctorat \u00een cadrul\u00a0<\/b><b>Universit\u0103\u021bii de Stat din\u00a0<\/b><b>Moldova \/ anul de studii 2023\/2024<\/b><\/a><\/p>\n<p><a class=\"mtli_attachment mtli_pdf mtli_attachment mtli_pdf\" href=\"https:\/\/doctorat.usm.md\/wp-content\/uploads\/2023\/07\/18_Regulament_programe_Postdoctorat.pdf\"><b>Regulamentul institu\u0163ional privind\u00a0organizarea \u0219i desf\u0103\u0219urarea programelor de postdoctorat<\/b><\/a><\/p>\n","protected":false},"excerpt":{"rendered":"<p>Metodologia privind elaborarea \u0219i sus\u021binerea referatelor \u0219tiin\u021bifice \u00een cadrul studiilor de doctorat Metodologia institu\u021bional\u0103 de elaborare \u0219i repartizare a granturilor doctorale \u00een cadrul \u0219colilor doctorale de la Universitatea de Stat din Moldova Metodologia privind organizarea \u0219i desf\u0103\u0219urare concursului de admitere la studiile superioare de doctorat \u00een cadrul Universit\u0103\u021bii de Stat din Moldova. Anul de studii&hellip; <br \/> <a class=\"read-more\" href=\"https:\/\/doctorat.usm.md\/stiintealenaturii\/?page_id=49\">Cite\u0219te mai mult<\/a><\/p>\n","protected":false},"author":1,"featured_media":0,"parent":0,"menu_order":0,"comment_status":"closed","ping_status":"closed","template":"","meta":{"footnotes":""},"class_list":["post-49","page","type-page","status-publish","hentry"],"rttpg_featured_image_url":null,"rttpg_author":{"display_name":"","author_link":"https:\/\/doctorat.usm.md\/stiintealenaturii\/?author=1"},"rttpg_comment":0,"rttpg_category":null,"rttpg_excerpt":"Metodologia privind elaborarea \u0219i sus\u021binerea referatelor \u0219tiin\u021bifice \u00een cadrul studiilor de doctorat Metodologia institu\u021bional\u0103 de elaborare \u0219i repartizare a granturilor doctorale \u00een cadrul \u0219colilor doctorale de la Universitatea de Stat din Moldova Metodologia privind organizarea \u0219i desf\u0103\u0219urare concursului de admitere la studiile superioare de doctorat \u00een cadrul Universit\u0103\u021bii de Stat din Moldova. Anul de studii&hellip;&hellip;","_links":{"self":[{"href":"https:\/\/doctorat.usm.md\/stiintealenaturii\/index.php?rest_route=\/wp\/v2\/pages\/49","targetHints":{"allow":["GET"]}}],"collection":[{"href":"https:\/\/doctorat.usm.md\/stiintealenaturii\/index.php?rest_route=\/wp\/v2\/pages"}],"about":[{"href":"https:\/\/doctorat.usm.md\/stiintealenaturii\/index.php?rest_route=\/wp\/v2\/types\/page"}],"author":[{"embeddable":true,"href":"https:\/\/doctorat.usm.md\/stiintealenaturii\/index.php?rest_route=\/wp\/v2\/users\/1"}],"replies":[{"embeddable":true,"href":"https:\/\/doctorat.usm.md\/stiintealenaturii\/index.php?rest_route=%2Fwp%2Fv2%2Fcomments&post=49"}],"version-history":[{"count":2,"href":"https:\/\/doctorat.usm.md\/stiintealenaturii\/index.php?rest_route=\/wp\/v2\/pages\/49\/revisions"}],"predecessor-version":[{"id":1347,"href":"https:\/\/doctorat.usm.md\/stiintealenaturii\/index.php?rest_route=\/wp\/v2\/pages\/49\/revisions\/1347"}],"wp:attachment":[{"href":"https:\/\/doctorat.usm.md\/stiintealenaturii\/index.php?rest_route=%2Fwp%2Fv2%2Fmedia&parent=49"}],"curies":[{"name":"wp","href":"https:\/\/api.w.org\/{rel}","templated":true}]}}