{"id":44,"date":"2022-11-09T16:52:52","date_gmt":"2022-11-09T13:52:52","guid":{"rendered":"https:\/\/doctorat.usm.md\/umanistice\/?page_id=44"},"modified":"2025-11-27T14:59:40","modified_gmt":"2025-11-27T11:59:40","slug":"consiliul-sd","status":"publish","type":"page","link":"https:\/\/doctorat.usm.md\/umanistice\/?page_id=44","title":{"rendered":"Consiliul \u0218D"},"content":{"rendered":"<p class=\"p1\"><span class=\"s1\"><b>Consiliul \u0218colii Doctorale \u0218tiin\u021be Umaniste \u0219i ale Educa\u021biei<\/b> <\/span>este organul colectiv de conducere care: 1) coordoneaz\u0103 activitatea studen\u021bilor-doctoranzi \u00eenmatricula\u021bi la studii superioare de doctorat; 2) ofer\u0103 suport informa\u021bional, institu\u021bional \u015fi logistic studen\u021bilor-doctoranzi, conduc\u0103torilor de doctorat \u0219i membrilor \u0218colii doctorale; 3) examineaz\u0103 \u015fi recomand\u0103 spre aprobare \u00een cadrul Consiliului \u0218tiin\u021bific al Universit\u0103\u021bii de Stat din Moldova publicarea lucr\u0103rilor \u0219tiin\u021bifice elaborate \u00een cadrul Universit\u0103\u021bii de Stat din Moldova; teme, conduc\u0103tori de doctorat, componen\u021be ale Comisiilor de \u00eendrumare; redact\u0103ri ale temelor de cercetare; modific\u0103ri ale conduc\u0103torilor de doctorat; proiecte de doctorat \u0219.a. Activitatea Consiliului \u015ecolii Doctorale \u0218tiin\u021be Umaniste \u0219i ale Educa\u021biei este gestionat\u0103 de Pre\u015fedintele Consiliului \u015fi coordonat\u0103 de Rectorul Universit\u0103\u021bii de Stat din Moldova. Durata mandatului membrilor Consiliului \u015ecolii Doctorale \u0218tiin\u021be Umaniste \u0219i ale Educa\u021biei este de 5 ani, fiind sincronizat\u0103 cu durata mandatului Pre\u015fedintelui Consiliului \u0218colii doctorale.<\/p>\n<p class=\"p2\" style=\"text-align: center;\"><b>Componen\u021ba Consiliului \u0218colii Doctorale \u0218tiin\u021be Umaniste \u0219i ale Educa\u021biei<\/b><\/p>\n<p class=\"p2\" style=\"text-align: center;\"><b>Mandat 2021-2026<\/b><\/p>\n<div class=\"dp-element dp-lite\"  data-slug=\"mandat-2021-2026\" data-_slug=\"mandat-2021-2026\" data-title=\"mandat-2021-2026\" id=\"dp_444\" data-option=\"dp_option_444\" ><\/div><script class=\"dp-shortcode-script\" type=\"application\/javascript\">window.dp_option_444 = {\"source\":\"https:\\\/\\\/doctorat.usm.md\\\/umanistice\\\/wp-content\\\/uploads\\\/2025\\\/11\\\/Consiliul-Scolii-Doctorale-Stiinte-Umaniste-si-ale-Educatiei-2.pdf\",\"viewerType\":\"flipbook\",\"is3D\":true,\"slug\":\"mandat-2021-2026\",\"id\":444}; if(window.DEARPDF && window.DEARPDF.parseElements){window.DEARPDF.parseElements();}<\/script>\n","protected":false},"excerpt":{"rendered":"<p>Consiliul \u0218colii Doctorale \u0218tiin\u021be Umaniste \u0219i ale Educa\u021biei este organul colectiv de conducere care: 1) coordoneaz\u0103 activitatea studen\u021bilor-doctoranzi \u00eenmatricula\u021bi la studii superioare de doctorat; 2) ofer\u0103 suport informa\u021bional, institu\u021bional \u015fi logistic studen\u021bilor-doctoranzi, conduc\u0103torilor de doctorat \u0219i membrilor \u0218colii doctorale; 3) examineaz\u0103 \u015fi recomand\u0103 spre aprobare \u00een cadrul Consiliului \u0218tiin\u021bific al Universit\u0103\u021bii de Stat din Moldova&hellip; <br \/> <a class=\"read-more\" href=\"https:\/\/doctorat.usm.md\/umanistice\/?page_id=44\">Cite\u0219te mai mult<\/a><\/p>\n","protected":false},"author":1,"featured_media":0,"parent":0,"menu_order":0,"comment_status":"closed","ping_status":"closed","template":"","meta":{"footnotes":""},"class_list":["post-44","page","type-page","status-publish","hentry"],"rttpg_featured_image_url":null,"rttpg_author":{"display_name":"mastermargarita","author_link":"https:\/\/doctorat.usm.md\/umanistice\/?author=1"},"rttpg_comment":0,"rttpg_category":null,"rttpg_excerpt":"Consiliul \u0218colii Doctorale \u0218tiin\u021be Umaniste \u0219i ale Educa\u021biei este organul colectiv de conducere care: 1) coordoneaz\u0103 activitatea studen\u021bilor-doctoranzi \u00eenmatricula\u021bi la studii superioare de doctorat; 2) ofer\u0103 suport informa\u021bional, institu\u021bional \u015fi logistic studen\u021bilor-doctoranzi, conduc\u0103torilor de doctorat \u0219i membrilor \u0218colii doctorale; 3) examineaz\u0103 \u015fi recomand\u0103 spre aprobare \u00een cadrul Consiliului \u0218tiin\u021bific al Universit\u0103\u021bii de Stat din Moldova&hellip;&hellip;","_links":{"self":[{"href":"https:\/\/doctorat.usm.md\/umanistice\/index.php?rest_route=\/wp\/v2\/pages\/44","targetHints":{"allow":["GET"]}}],"collection":[{"href":"https:\/\/doctorat.usm.md\/umanistice\/index.php?rest_route=\/wp\/v2\/pages"}],"about":[{"href":"https:\/\/doctorat.usm.md\/umanistice\/index.php?rest_route=\/wp\/v2\/types\/page"}],"author":[{"embeddable":true,"href":"https:\/\/doctorat.usm.md\/umanistice\/index.php?rest_route=\/wp\/v2\/users\/1"}],"replies":[{"embeddable":true,"href":"https:\/\/doctorat.usm.md\/umanistice\/index.php?rest_route=%2Fwp%2Fv2%2Fcomments&post=44"}],"version-history":[{"count":5,"href":"https:\/\/doctorat.usm.md\/umanistice\/index.php?rest_route=\/wp\/v2\/pages\/44\/revisions"}],"predecessor-version":[{"id":970,"href":"https:\/\/doctorat.usm.md\/umanistice\/index.php?rest_route=\/wp\/v2\/pages\/44\/revisions\/970"}],"wp:attachment":[{"href":"https:\/\/doctorat.usm.md\/umanistice\/index.php?rest_route=%2Fwp%2Fv2%2Fmedia&parent=44"}],"curies":[{"name":"wp","href":"https:\/\/api.w.org\/{rel}","templated":true}]}}