{"id":611,"date":"2023-05-22T13:55:16","date_gmt":"2023-05-22T10:55:16","guid":{"rendered":"https:\/\/doctorat.usm.md\/umanistice\/?page_id=611"},"modified":"2023-11-24T13:54:10","modified_gmt":"2023-11-24T10:54:10","slug":"planuri-de-invatamant-pentru-anul-de-studii-2023-2024","status":"publish","type":"page","link":"https:\/\/doctorat.usm.md\/umanistice\/?page_id=611","title":{"rendered":"Planuri de \u00eenv\u0103\u021b\u0103m\u00e2nt pentru anul de studii 2023-2024"},"content":{"rendered":"<p><strong><a href=\"https:\/\/doctorat.usm.md\/umanistice\/wp-content\/uploads\/2023\/09\/Plan-de-i\u0302nva\u0306t\u0326a\u0306ma\u0302nt-531.01.-Teoria-generala\u0306-a-educat\u0326iei-zi-2023-2024.pdf\" class=\"mtli_attachment mtli_pdf\">Plan de i\u0302nva\u0306t\u0326a\u0306ma\u0302nt 531.01. Teoria generala\u0306 a educat\u0326iei zi 2023-2024<\/a><\/strong><\/p>\n<p><strong><a href=\"https:\/\/doctorat.usm.md\/umanistice\/wp-content\/uploads\/2023\/09\/Plan-de-i\u0302nva\u0306t\u0326a\u0306ma\u0302nt-531.01.-Teoria-generala\u0306-a-educat\u0326iei-fr-2023-2024.pdf\" class=\"mtli_attachment mtli_pdf\">Plan de i\u0302nva\u0306t\u0326a\u0306ma\u0302nt 531.01. Teoria generala\u0306 a educat\u0326iei fr 2023-2024<\/a><\/strong><\/p>\n<p><strong><a href=\"https:\/\/doctorat.usm.md\/umanistice\/wp-content\/uploads\/2023\/05\/Plan-de-i\u0302nva\u0306t\u0326a\u0306ma\u0302nt-611.02.-Istoria-roma\u0302nilor-zi-2023-2024.pdf\" class=\"mtli_attachment mtli_pdf\">Plan de i\u0302nva\u0306t\u0326a\u0306ma\u0302nt 611.02. Istoria roma\u0302nilor (zi) 2023-2024<\/a><\/strong><\/p>\n<p><strong><a href=\"https:\/\/doctorat.usm.md\/umanistice\/wp-content\/uploads\/2023\/05\/Plan-de-i\u0302nva\u0306t\u0326a\u0306ma\u0302nt-611.02.-Istoria-roma\u0302nilor-fr-2023-2024.pdf\" class=\"mtli_attachment mtli_pdf\">Plan de i\u0302nva\u0306t\u0326a\u0306ma\u0302nt 611.02. Istoria roma\u0302nilor (fr) 2023-2024<\/a><\/strong><\/p>\n<p><strong><a href=\"https:\/\/doctorat.usm.md\/umanistice\/wp-content\/uploads\/2023\/05\/Plan-de-i\u0302nva\u0306t\u0326a\u0306ma\u0302nt-611.07.-Istoria-s\u0326tiint\u0326ei-s\u0326i-tehnicii-pe-domenii-zi-2023-2024.pdf\" class=\"mtli_attachment mtli_pdf\">Plan de i\u0302nva\u0306t\u0326a\u0306ma\u0302nt 611.07. Istoria s\u0326tiint\u0326ei s\u0326i tehnicii (pe domenii), (zi) 2023-2024<\/a><\/strong><\/p>\n<p><strong><a href=\"https:\/\/doctorat.usm.md\/umanistice\/wp-content\/uploads\/2023\/05\/Plan-de-i\u0302nva\u0306t\u0326a\u0306ma\u0302nt-611.07.-Istoria-s\u0326tiint\u0326ei-s\u0326i-tehnicii-pe-domenii-fr-2023-2024.pdf\" class=\"mtli_attachment mtli_pdf\">Plan de i\u0302nva\u0306t\u0326a\u0306ma\u0302nt 611.07. Istoria s\u0326tiint\u0326ei s\u0326i tehnicii (pe domenii), (fr) 2023-2024<\/a><\/strong><\/p>\n<p><strong><a href=\"https:\/\/doctorat.usm.md\/umanistice\/wp-content\/uploads\/2023\/05\/Plan-de-i\u0302nva\u0306t\u0326a\u0306ma\u0302nt-621.03.-Fonetica\u0306-s\u0326i-fonologie-dialectologie-istoria-limbii-sociolingvistica\u0306-etnolingvistica\u0306-zi-2023-2024.pdf\" class=\"mtli_attachment mtli_pdf\">Plan de i\u0302nva\u0306t\u0326a\u0306ma\u0302nt 621.03. Fonetica\u0306 s\u0326i fonologie; dialectologie; istoria limbii; sociolingvistica\u0306; etnolingvistica\u0306 (zi) 2023-2024<\/a><\/strong><\/p>\n<p><strong><a href=\"https:\/\/doctorat.usm.md\/umanistice\/wp-content\/uploads\/2023\/05\/Plan-de-i\u0302nva\u0306t\u0326a\u0306ma\u0302nt-621.03.-Fonetica\u0306-s\u0326i-fonologie-dialectologie-istoria-limbii-sociolingvistica\u0306-etnolingvistica\u0306-fr-2023-2024.pdf\" class=\"mtli_attachment mtli_pdf\">Plan de i\u0302nva\u0306t\u0326a\u0306ma\u0302nt 621.03. Fonetica\u0306 s\u0326i fonologie; dialectologie; istoria limbii; sociolingvistica\u0306; etnolingvistica\u0306 (fr) 2023-2024<\/a><\/strong><\/p>\n<p><strong><a href=\"https:\/\/doctorat.usm.md\/umanistice\/wp-content\/uploads\/2023\/05\/Plan-de-i\u0302nva\u0306t\u0326a\u0306ma\u0302nt-621.04.-Lexicologie-s\u0326i-lexicografie-terminologie-s\u0326i-limbaje-specializate-traductologie-zi-2023-2024.pdf\" class=\"mtli_attachment mtli_pdf\">Plan de i\u0302nva\u0306t\u0326a\u0306ma\u0302nt 621.04. Lexicologie s\u0326i lexicografie; terminologie s\u0326i limbaje specializate; traductologie (zi) 2023-2024<\/a><\/strong><\/p>\n<p><strong><a href=\"https:\/\/doctorat.usm.md\/umanistice\/wp-content\/uploads\/2023\/05\/Plan-de-i\u0302nva\u0306t\u0326a\u0306ma\u0302nt-621.04.-Lexicologie-s\u0326i-lexicografie-terminologie-s\u0326i-limbaje-specializate-traductologie-fr-2023-2024.pdf\" class=\"mtli_attachment mtli_pdf\">Plan de i\u0302nva\u0306t\u0326a\u0306ma\u0302nt 621.04. Lexicologie s\u0326i lexicografie; terminologie s\u0326i limbaje specializate; traductologie (fr) 2023-2024<\/a><\/strong><\/p>\n<p><strong><a href=\"https:\/\/doctorat.usm.md\/umanistice\/wp-content\/uploads\/2023\/05\/Plan-de-i\u0302nva\u0306t\u0326a\u0306ma\u0302nt-621.05.-Semiotica\u0306-semantica\u0306-pragmatica\u0306-zi-2023-2024.pdf\" class=\"mtli_attachment mtli_pdf\">Plan de i\u0302nva\u0306t\u0326a\u0306ma\u0302nt 621.05. Semiotica\u0306; semantica\u0306; pragmatica\u0306 (zi) 2023-2024<\/a><\/strong><\/p>\n<p><strong><a href=\"https:\/\/doctorat.usm.md\/umanistice\/wp-content\/uploads\/2023\/05\/Plan-de-i\u0302nva\u0306t\u0326a\u0306ma\u0302nt-621.05.-Semiotica\u0306-semantica\u0306-pragmatica\u0306-fr-2023-2024.pdf\" class=\"mtli_attachment mtli_pdf\">Plan de i\u0302nva\u0306t\u0326a\u0306ma\u0302nt 621.05. Semiotica\u0306; semantica\u0306; pragmatica\u0306 (fr) 2023-2024<\/a><\/strong><\/p>\n<p><strong><a href=\"https:\/\/doctorat.usm.md\/umanistice\/wp-content\/uploads\/2023\/05\/Plan-de-i\u0302nva\u0306t\u0326a\u0306ma\u0302nt-621.06.-Teoria-textului-analiza-discursului-stilistica\u0306-zi-2023-2024.pdf\" class=\"mtli_attachment mtli_pdf\">Plan de i\u0302nva\u0306t\u0326a\u0306ma\u0302nt 621.06. Teoria textului; analiza discursului; stilistica\u0306 (zi) 2023-2024<\/a><\/strong><\/p>\n<p><strong><a href=\"https:\/\/doctorat.usm.md\/umanistice\/wp-content\/uploads\/2023\/05\/Plan-de-i\u0302nva\u0306t\u0326a\u0306ma\u0302nt-621.06.-Teoria-textului-analiza-discursului-stilistica\u0306-fr-2023-2024.pdf\" class=\"mtli_attachment mtli_pdf\">Plan de i\u0302nva\u0306t\u0326a\u0306ma\u0302nt 621.06. Teoria textului; analiza discursului; stilistica\u0306 (fr) 2023-2024<\/a><\/strong><\/p>\n<p><strong><a href=\"https:\/\/doctorat.usm.md\/umanistice\/wp-content\/uploads\/2023\/05\/Plan-de-i\u0302nva\u0306t\u0326a\u0306ma\u0302nt-622.01.-Literatura\u0306-roma\u0302na\u0306-zi-2023-2024.pdf\" class=\"mtli_attachment mtli_pdf\">Plan de i\u0302nva\u0306t\u0326a\u0306ma\u0302nt 622.01. Literatura\u0306 roma\u0302na\u0306 (zi) 2023-2024<\/a><\/strong><\/p>\n<p><strong><a href=\"https:\/\/doctorat.usm.md\/umanistice\/wp-content\/uploads\/2023\/05\/Plan-de-i\u0302nva\u0306t\u0326a\u0306ma\u0302nt-622.01.-Literatura\u0306-roma\u0302na\u0306-fr-2023-2024.pdf\" class=\"mtli_attachment mtli_pdf\">Plan de i\u0302nva\u0306t\u0326a\u0306ma\u0302nt 622.01. Literatura\u0306 roma\u0302na\u0306 (fr) 2023-2024<\/a><\/strong><\/p>\n<p><strong><a href=\"https:\/\/doctorat.usm.md\/umanistice\/wp-content\/uploads\/2023\/05\/Plan-de-i\u0302nva\u0306t\u0326a\u0306ma\u0302nt-622.03.-Teoria-literaturii-zi-2023-2024.pdf\" class=\"mtli_attachment mtli_pdf\">Plan de i\u0302nva\u0306t\u0326a\u0306ma\u0302nt 622.03. Teoria literaturii (zi) 2023-2024<\/a><\/strong><\/p>\n<p><strong><a href=\"https:\/\/doctorat.usm.md\/umanistice\/wp-content\/uploads\/2023\/05\/Plan-de-i\u0302nva\u0306t\u0326a\u0306ma\u0302nt-622.03.-Teoria-literaturii-fr-2023-2024.pdf\" class=\"mtli_attachment mtli_pdf\">Plan de i\u0302nva\u0306t\u0326a\u0306ma\u0302nt 622.03. Teoria literaturii (fr) 2023-2024<\/a><\/strong><\/p>\n<p><strong><a href=\"https:\/\/doctorat.usm.md\/umanistice\/wp-content\/uploads\/2023\/05\/Plan-de-i\u0302nva\u0306t\u0326a\u0306ma\u0302nt-631.01.-Ontologie-s\u0326i-gnoseologie-zi-2023-2024.pdf\" class=\"mtli_attachment mtli_pdf\">Plan de i\u0302nva\u0306t\u0326a\u0306ma\u0302nt 631.01. Ontologie s\u0326i gnoseologie (zi) 2023-2024<\/a><\/strong><\/p>\n<p><strong><a href=\"https:\/\/doctorat.usm.md\/umanistice\/wp-content\/uploads\/2023\/05\/Plan-de-i\u0302nva\u0306t\u0326a\u0306ma\u0302nt-631.01.-Ontologie-s\u0326i-gnoseologie-fr-2023-2024.pdf\" class=\"mtli_attachment mtli_pdf\">Plan de i\u0302nva\u0306t\u0326a\u0306ma\u0302nt 631.01. Ontologie s\u0326i gnoseologie (fr) 2023-2024<\/a><\/strong><\/p>\n<p><strong><a href=\"https:\/\/doctorat.usm.md\/umanistice\/wp-content\/uploads\/2023\/05\/Plan-de-i\u0302nva\u0306t\u0326a\u0306ma\u0302nt-631.05.-Filosofia-sociala\u0306-antropologie-filosofica\u0306-s\u0326i-filosofia-culturii-zi-2023-2024.pdf\" class=\"mtli_attachment mtli_pdf\">Plan de i\u0302nva\u0306t\u0326a\u0306ma\u0302nt 631.05. Filosofia sociala\u0306, antropologie filosofica\u0306 s\u0326i filosofia culturii (zi) 2023-2024<\/a> <\/strong><\/p>\n<p><strong><a href=\"https:\/\/doctorat.usm.md\/umanistice\/wp-content\/uploads\/2023\/05\/Plan-de-i\u0302nva\u0306t\u0326a\u0306ma\u0302nt-631.05.-Filosofia-sociala\u0306-antropologie-filosofica\u0306-s\u0326i-filosofia-culturii-fr-2023-2024.pdf\" class=\"mtli_attachment mtli_pdf\">Plan de i\u0302nva\u0306t\u0326a\u0306ma\u0302nt 631.05. Filosofia sociala\u0306, antropologie filosofica\u0306 s\u0326i filosofia culturii (fr) 2023-2024<\/a> <\/strong><\/p>\n<p><strong><a href=\"https:\/\/doctorat.usm.md\/umanistice\/wp-content\/uploads\/2023\/11\/Plan-de-invatamant-631.02.-Filosofie-istorica-fr-2023-2024.pdf\" class=\"mtli_attachment mtli_pdf\">Plan de \u00eenv\u0103\u021b\u0103m\u00e2nt 631.02. Filosofie istoric\u0103 (fr) 2023-2024<\/a> <\/strong><\/p>\n<p><strong><a href=\"https:\/\/doctorat.usm.md\/umanistice\/wp-content\/uploads\/2023\/11\/Plan-de-invatamant-631.02.-Filosofie-istorica-zi-2023-2024.pdf\" class=\"mtli_attachment mtli_pdf\">Plan de \u00eenv\u0103\u021b\u0103m\u00e2nt 631.02. Filosofie istoric\u0103 (zi) 2023-2024<\/a> <\/strong><\/p>\n<p><strong><a href=\"https:\/\/doctorat.usm.md\/umanistice\/wp-content\/uploads\/2023\/11\/Plan-de-invatamant-622.02.-Literatura-universala-si-comparata-fr-2023-2024.pdf\" class=\"mtli_attachment mtli_pdf\">Plan de \u00eenv\u0103\u021b\u0103m\u00e2nt 622.02. Literatura universal\u0103 \u0219i comparat\u0103 (fr) 2023-2024<\/a> <\/strong><\/p>\n<p><strong><a href=\"https:\/\/doctorat.usm.md\/umanistice\/wp-content\/uploads\/2023\/11\/Plan-de-invatamant-622.02.-Literatura-universala-si-comparata-zi-2023-2024.pdf\" class=\"mtli_attachment mtli_pdf\">Plan de \u00eenv\u0103\u021b\u0103m\u00e2nt 622.02. Literatura universal\u0103 \u0219i comparat\u0103 (zi) 2023-2024<\/a><\/strong><\/p>\n","protected":false},"excerpt":{"rendered":"<p>Plan de i\u0302nva\u0306t\u0326a\u0306ma\u0302nt 531.01. Teoria generala\u0306 a educat\u0326iei zi 2023-2024 Plan de i\u0302nva\u0306t\u0326a\u0306ma\u0302nt 531.01. Teoria generala\u0306 a educat\u0326iei fr 2023-2024 Plan de i\u0302nva\u0306t\u0326a\u0306ma\u0302nt 611.02. Istoria roma\u0302nilor (zi) 2023-2024 Plan de i\u0302nva\u0306t\u0326a\u0306ma\u0302nt 611.02. Istoria roma\u0302nilor (fr) 2023-2024 Plan de i\u0302nva\u0306t\u0326a\u0306ma\u0302nt 611.07. Istoria s\u0326tiint\u0326ei s\u0326i tehnicii (pe domenii), (zi) 2023-2024 Plan de i\u0302nva\u0306t\u0326a\u0306ma\u0302nt 611.07. Istoria s\u0326tiint\u0326ei s\u0326i&hellip; <br \/> <a class=\"read-more\" href=\"https:\/\/doctorat.usm.md\/umanistice\/?page_id=611\">Cite\u0219te mai mult<\/a><\/p>\n","protected":false},"author":1,"featured_media":0,"parent":0,"menu_order":0,"comment_status":"closed","ping_status":"closed","template":"","meta":{"footnotes":""},"class_list":["post-611","page","type-page","status-publish","hentry"],"rttpg_featured_image_url":null,"rttpg_author":{"display_name":"mastermargarita","author_link":"https:\/\/doctorat.usm.md\/umanistice\/?author=1"},"rttpg_comment":0,"rttpg_category":null,"rttpg_excerpt":"Plan de i\u0302nva\u0306t\u0326a\u0306ma\u0302nt 531.01. Teoria generala\u0306 a educat\u0326iei zi 2023-2024 Plan de i\u0302nva\u0306t\u0326a\u0306ma\u0302nt 531.01. Teoria generala\u0306 a educat\u0326iei fr 2023-2024 Plan de i\u0302nva\u0306t\u0326a\u0306ma\u0302nt 611.02. Istoria roma\u0302nilor (zi) 2023-2024 Plan de i\u0302nva\u0306t\u0326a\u0306ma\u0302nt 611.02. Istoria roma\u0302nilor (fr) 2023-2024 Plan de i\u0302nva\u0306t\u0326a\u0306ma\u0302nt 611.07. Istoria s\u0326tiint\u0326ei s\u0326i tehnicii (pe domenii), (zi) 2023-2024 Plan de i\u0302nva\u0306t\u0326a\u0306ma\u0302nt 611.07. Istoria s\u0326tiint\u0326ei s\u0326i&hellip;&hellip;","_links":{"self":[{"href":"https:\/\/doctorat.usm.md\/umanistice\/index.php?rest_route=\/wp\/v2\/pages\/611","targetHints":{"allow":["GET"]}}],"collection":[{"href":"https:\/\/doctorat.usm.md\/umanistice\/index.php?rest_route=\/wp\/v2\/pages"}],"about":[{"href":"https:\/\/doctorat.usm.md\/umanistice\/index.php?rest_route=\/wp\/v2\/types\/page"}],"author":[{"embeddable":true,"href":"https:\/\/doctorat.usm.md\/umanistice\/index.php?rest_route=\/wp\/v2\/users\/1"}],"replies":[{"embeddable":true,"href":"https:\/\/doctorat.usm.md\/umanistice\/index.php?rest_route=%2Fwp%2Fv2%2Fcomments&post=611"}],"version-history":[{"count":3,"href":"https:\/\/doctorat.usm.md\/umanistice\/index.php?rest_route=\/wp\/v2\/pages\/611\/revisions"}],"predecessor-version":[{"id":709,"href":"https:\/\/doctorat.usm.md\/umanistice\/index.php?rest_route=\/wp\/v2\/pages\/611\/revisions\/709"}],"wp:attachment":[{"href":"https:\/\/doctorat.usm.md\/umanistice\/index.php?rest_route=%2Fwp%2Fv2%2Fmedia&parent=611"}],"curies":[{"name":"wp","href":"https:\/\/api.w.org\/{rel}","templated":true}]}}